eatest common divisor of d and 5.
5
Let g(z) = z**3 + 8*z**2 + 6*z + 4. Let v be g(-7). Calculate the highest common divisor of 55 and v.
11
Let y = -6 - -14. Let j(u) = u**3 - 8*u**2 + 2. Let w be j(8). What is the highest common factor of y and w?
2
Let w be 3/6*-2 + (9 - 1). Suppose 4*p - 270 + 10 = -5*y, 3*p = 5*y - 295. Calculate the highest common factor of y and w.
7
Let w be (-6)/(-6) + (-2)/2. Suppose -2*a - 2*a = 4. Let v be (a - -148)/(w - -1). What is the greatest common factor of v and 21?
21
Suppose -l - 31 = -2*a, a + 0*a - 13 = 3*l. Calculate the highest common factor of a and 176.
16
Suppose 0 = 3*w - a + 1, 2*w + 3 = 5*w + 3*a. Suppose -3*p + w*p + 15 = 0. Calculate the highest common factor of 35 and p.
5
Suppose 0 = -s - 0 + 8. Suppose -4*l + 0*g + 10 = -3*g, 4*g - s = 0. Calculate the highest common divisor of 32 and l.
4
Let u(c) = -c**3 + 11*c**2 - 3*c - 7. Let q be u(7). Let p = -64 + 26. Let l = 59 + p. Calculate the greatest common factor of l and q.
21
Suppose -4*h = -3*b - 434, 5*b - b = -2*h + 228. Suppose 2*s - h = -0*s. Calculate the highest common factor of 11 and s.
11
Let o be -3 + 1 + 1 + (83 - -22). Let c(y) = -y**3 + 4*y**2 - 2*y - 3. Let w be c(3). Suppose w*i = 3*i - 39. What is the greatest common divisor of i and o?
13
Let g(u) = 2*u + 1. Let n be g(-4). Let x = n + 11. What is the greatest common factor of 1 and x?
1
Suppose 41 + 79 = 5*j. Suppose -4*z + 112 = 80. Calculate the greatest common divisor of j and z.
8
Let y = -10 + 15. Suppose 5*v = -3*s + 172, 242 = y*v + s + 68. Let z = -4 + 9. Calculate the highest common divisor of v and z.
5
Suppose 4*t - 3*u - 18 = 3*t, 2*t + 5*u - 69 = 0. Calculate the greatest common factor of 18 and t.
9
Suppose 0 = -x, j + 2*x + x = 25. Let r = -5 - -5. Suppose r = 2*k - g - 25, k - 2*g - j = g. Calculate the highest common divisor of k and 4.
2
Let z(g) = 18*g**2 - 1. Let m be (6/5)/(18/60). Suppose -5*n - 5*o = 30, -2*n = -0*n + m*o + 22. Let j be z(n). What is the greatest common factor of j and 119?
17
Suppose -2*d - 2530 = -4*d. Suppose 0 = -5*o - 0*o + d. Calculate the highest common divisor of o and 23.
23
Suppose 4 + 2 = f. Suppose p = 6*p - 20. Suppose -102 = -p*n + 2*z - 4*z, 21 = n - z. Calculate the greatest common factor of n and f.
6
Suppose -c + 80 = 3*c. Calculate the highest common divisor of 80 and c.
20
Let f = 71 + -27. Calculate the greatest common divisor of 110 and f.
22
Let w = -7 - -15. Suppose -5*n = -4 - 1. What is the greatest common divisor of n and w?
1
Suppose -5*d + 15 = x, -d + 5*x + 5 = 28. Let o be d + 5 - (-2 - 1). Let u be 2/o + (-14)/(-5). Calculate the greatest common divisor of 2 and u.
1
Let x = 10 + -8. Suppose 0 = -2*z + 4*r + 28, -4*r + x = 3*z - 0*z. Let v(t) = -t**2 + 8*t. Let l be v(z). What is the greatest common factor of 36 and l?
12
Suppose -4*h + 173 + 47 = 0. Suppose -4*m = -122 + 34. Calculate the greatest common divisor of m and h.
11
Suppose 4*u = 5*q + 300, -184 = -3*u + 4*q + 40. What is the greatest common factor of u and 32?
16
Let m(s) = -5*s - 25. Let n be m(-7). What is the greatest common divisor of 50 and n?
10
Suppose 4*h = -3*w - 27 + 4, 5*h + 20 = -2*w. Let r be h/8 - 577/(-4). Calculate the highest common factor of 18 and r.
18
Suppose 2*q = s + 6, 10*q + 12 = -2*s + 5*q. Let l be (s/7)/(1/(-35)). What is the highest common divisor of 10 and l?
10
Suppose 0 = -2*h - 1 + 3. Let f be 5*(2 - h/1). Let a(d) = 3*d + 3. Let v be a(f). What is the highest common factor of v and 72?
18
Let i(c) = -7*c - 8. Let t be i(-4). What is the greatest common factor of t and 50?
10
Let s(d) = 6*d + 69. Let q be s(-10). What is the highest common factor of q and 81?
9
Suppose -8*g + 9*g - 84 = 0. Calculate the greatest common divisor of g and 56.
28
Let s = -7 + 18. Calculate the highest common factor of s and 121.
11
Let s = 4 - 4. Suppose s*x + x - 2 = 0. Suppose x*f + 64 = 4*f. Calculate the highest common divisor of 48 and f.
16
Suppose 2*a + 2*u = 3*u + 10, -25 = -5*a - u. Let q = 1 + -1. Let b be (2 + q + 0)/2. What is the greatest common factor of b and a?
1
Let s(q) = q**2 - 5*q + 6. Let t be s(5). Suppose -4*o - 6 = -5*v, -3*v + 1 = 3*o - 8. What is the highest common factor of v and t?
2
Let o(z) = z - 1. Let f = -5 - 3. Let k(q) = q**2 + 6*q - 8. Let d be k(f). Let r be o(d). What is the greatest common divisor of r and 28?
7
Let y(r) = r + 1. Let c be y(4). Suppose 2*p - 14 = -3*t, -3*p + 0*p = 2*t - 11. Suppose c*l - t = 11. What is the highest common divisor of 3 and l?
3
Let s be -1*(-1 - -1) - -4. What is the greatest common factor of s and 44?
4
Suppose -5*u - k + 430 = 0, -2*u - 2*k + 145 = -7*k. Calculate the greatest common divisor of 34 and u.
17
Let f be 71/2 - 8/(-16). Suppose 0*c = 3*c - f. Calculate the highest common divisor of 132 and c.
12
Suppose w + 6 - 24 = 0. What is the greatest common divisor of w and 54?
18
Let y = 42 + 8. What is the highest common factor of 10 and y?
10
Let d(l) = 30*l - 1. Let h be d(-8). Let a = -43 - h. What is the greatest common divisor of 18 and a?
18
Let r(h) = 4 + h + 0 - 3 + 2. Let a be r(6). Let o = -48 - -120. Calculate the greatest common divisor of o and a.
9
Suppose -4*s = 3*i - 70, 0*s + 2*s + 28 = 2*i. Let l be 616/i + (-14)/63. What is the greatest common factor of l and 85?
17
Let b be 104/10 + 186/310. Suppose -i + 6 = -5. What is the greatest common divisor of b and i?
11
Suppose -42*x + 43*x = 6. Let g(o) = 2*o**2 + 2 - 9*o + 3 + 1. Let w be g(x). What is the greatest common divisor of w and 8?
8
Let r = 9 - 5. Suppose -v + r + 1 = 0. Suppose v*m - 40 = -2*c + m, 111 = 5*c - m. What is the greatest common factor of 11 and c?
11
Let t(u) = 17*u - 1. Let k be t(-1). Let z(f) = 35*f + 1. Let y be z(-2). Let v = k - y. Calculate the highest common factor of v and 17.
17
Suppose 2*h + f = -3*f + 20, 5*f - 28 = -4*h. Suppose -5 = -h*i + 11. What is the greatest common divisor of 40 and i?
8
Suppose -t = -j + 16, j - 5*t = 7 + 25. Suppose 0 = -c + 21 - 8. Suppose p = c + 23. Calculate the highest common divisor of j and p.
12
Let k = 2 - -10. Suppose 2*p - x = 10, -p + 2*x - 6*x + 14 = 0. What is the greatest common factor of p and k?
6
Let a be (-12)/15*(4 + 1). Let g = 9 + a. What is the highest common factor of 55 and g?
5
Let i = -1 - -5. Let v(j) = -j**2 - 8*j - 3. Let p be v(-7). Calculate the greatest common factor of i and p.
4
Suppose 3*d - 140 - 22 = 0. Let n be d/10 - 4/10. What is the highest common divisor of n and 55?
5
Let s be ((-77)/33)/((-2)/12). What is the greatest common divisor of s and 2?
2
Let u(c) be the second derivative of c**5/20 + 2*c**4/3 + c**3/2 - c**2 - 3*c. Let p be u(-4). Calculate the greatest common factor of p and 20.
10
Suppose -3*b - 3*n - 2*n = -51, 4*b - 3*n = 39. What is the highest common factor of b and 8?
4
Suppose -32 = 2*u - 128. Calculate the greatest common divisor of u and 32.
16
Let y be 0 + -1 + 0 + 8. Let k(o) = -o**3 + 8*o**2 - 3*o - 10. Let l be k(y). Let s = 22 - -23. Calculate the greatest common factor of l and s.
9
Let l = -20 + 40. Suppose -2*g - 90 = 3*g. Let n be 4/g + (-368)/(-36). Calculate the greatest common factor of n and l.
10
Let m(y) = 4*y**2 - 11*y + 3. Let g be m(3). What is the highest common factor of 6 and g?
6
Suppose 107 = 3*j - 10. Suppose 4*q + 8 = 60. Let s be q/(6/(-2) + 4). What is the highest common divisor of j and s?
13
Let p(s) = 56*s**2 + 3*s + 1. Let u be p(-1). Calculate the highest common divisor of 9 and u.
9
Let b(w) = w**2 - 2*w + 99. Let n be b(0). Calculate the highest common divisor of n and 33.
33
Let v(w) = -w**3 - 15*w**2 - 16*w + 7. Let z be v(-14). What is the highest common divisor of z and 28?
7
Let g(k) = 8*k**2 + 1 + 5*k**2 + 5*k**2 + 0*k**2. Let x be g(-1). Calculate the highest common factor of 171 and x.
19
Let f(y) = -y**3 - 9*y**2 - 10*y - 1. Let r be f(-8). What is the greatest common divisor of r and 75?
15
Let u be -1 - (-1 + -2) - 2. Suppose -4*s + 71 = i, 6*s - 3*s - 5*i - 82 = u. Calculate the highest common factor of s and 57.
19
Suppose -9*t = -14*t + 80. What is the greatest common factor of t and 8?
8
Suppose 9 = 3*b - 6*b, -2*y = -4*b - 16. Suppose 5*a - 3*l - 4 = 4, -a - 4*l = -20. Suppose -a*k + 10 = -y*k. What is the 